on divisor of o and j.
13
Let f(k) = -k**3 - 36*k**2 + 257*k + 212. Let g be f(-42). Let j(u) = u**2 + u + 2. Let r be j(-6). What is the highest common divisor of g and r?
2
Suppose 4*s = 17 + 7. Suppose 0 = -2*x + 6*x - 113 + 77. What is the highest common factor of s and x?
3
Suppose d - 3*j - 5 = 0, 0 = d + 5*j - 10*j - 3. Let b = 39 + -104. Let x = b + 97. What is the greatest common divisor of x and d?
8
Let t(z) = 4*z**2 + 6*z - 4. Let s be t(5). Let r = 1443 - 1429. Calculate the highest common divisor of s and r.
14
Suppose -5*w - 5*s + 22 - 7 = 0, -s + 15 = 3*w. Let x be (-4)/w + 256/6 + 8. What is the highest common factor of 4 and x?
2
Let g(x) be the third derivative of -x**6/120 - x**5/4 - 5*x**4/12 - 11*x**3/2 - 72*x**2. Let i be g(-17). Calculate the greatest common divisor of i and 65.
65
Suppose 241*j + 274*j - 179*j - 96768 = 0. Let n(m) = m**2 + 4*m + 20. Let k be n(-10). Calculate the highest common factor of j and k.
16
Suppose 10*t - 9326 - 292 = -219*t. What is the greatest common divisor of t and 4830?
42
Let n be 4/(4/864*3). Suppose -3*b = b + 344. Let v = 118 + b. What is the greatest common divisor of n and v?
32
Suppose 18078 = 18*b - 8850. Calculate the greatest common divisor of b and 408.
136
Let q be (29/2)/(775/306900). Calculate the highest common divisor of q and 783.
261
Let u = 10624 + -7509. What is the highest common divisor of u and 35?
35
Let n = -48 - -50. Suppose -n*u - 29 - 17 = 0. Let x = 31 + u. Calculate the highest common factor of 32 and x.
8
Let a(o) = -3*o**2 + 88*o - 39. Let k be a(27). Let u(b) = -b**2 + 52*b + 935. Let y be u(65). What is the greatest common factor of k and y?
30
Suppose -130 + 110 = -4*t. Suppose 0 = t*r - 29*r + 480. What is the greatest common divisor of r and 20?
20
Let g be (3 - 54/42)*(-3 + 17). Calculate the greatest common factor of g and 996.
12
Suppose 34*i = 36*i + 12. Let p be 3*((-56)/i + -5). Calculate the highest common divisor of p and 39.
13
Let x be (-1152)/120*-50 - 7. Calculate the highest common factor of 86 and x.
43
Let b(w) = -w**3 + 41*w**2 - 181*w + 113. Let y be b(36). Let h be (1 - -1 - 4)*-7. What is the greatest common factor of y and h?
7
Let v = -369 + 405. Let w = v + -18. What is the greatest common factor of w and 342?
18
Suppose 5375*c - 5368*c - 38675 = 0. Calculate the highest common factor of 25 and c.
25
Suppose 4*n + 50 = 58. Suppose -3*b - 5*a = -7, n*b + a - 10 = -3. Calculate the highest common divisor of 140 and b.
4
Let r be 556 + (-1)/(2/(-4)). Let h = -33398 - -33460. Calculate the greatest common divisor of h and r.
62
Suppose 6*l = 2*l - f + 14907, 3*l - 11175 = f. Calculate the highest common divisor of l and 46.
46
Let n = 55 - 18. Let v = 70 - n. Let b = -472 + 527. Calculate the greatest common divisor of v and b.
11
Suppose -2*c = -10 - 0. Suppose c*u + 3*q - 39 = 3*u, -2*u - 4*q = -38. Suppose 18*p + 60 = u*p. What is the highest common divisor of 140 and p?
20
Suppose 3*w - 46 + 25 = 0. Let t(z) = 7 + 0 + w + 6 + 12*z. Let u be t(6). Calculate the highest common factor of 23 and u.
23
Let j be (8/5)/((-2)/10). Let g be (-3 - j)/((-3)/(-66)). Let l be 89/4 + 9/(-36). What is the highest common factor of g and l?
22
Let k(x) = x**2 + 16*x + 36. Let q be k(-12). Let l(r) = r**3 + 11*r**2 - 15*r - 34. Let g be l(q). Calculate the highest common divisor of g and 5.
1
Suppose 10*b = 13*b + 207. Let j be (44/12 - 4)*b. Suppose 0 = 5*x - 33 + j. What is the greatest common factor of x and 1?
1
Let a(j) = -2*j**2 + 14*j - 4. Let b be a(8). Let y be (12/(-20) - (-28)/b)*1. Let r be -1*(y - -3) - -122. Calculate the highest common divisor of r and 11.
11
Let l be (18 - (-128)/(-8))*6. Suppose -523 + 1 = -k + 3*s, -2074 = -4*k + 5*s. What is the greatest common factor of l and k?
12
Suppose 0 = -14*v + 13*v + 65. Suppose -12*k = -7*k - v. Calculate the highest common factor of 247 and k.
13
Let n = -31471 - -31489. Calculate the greatest common divisor of 49806 and n.
18
Suppose -49*l + 45*l = -4. Let j be l/(1*2/92). Suppose 7*p + j = 2*v + 4*p, 0 = 5*v + 5*p - 90. What is the greatest common divisor of v and 50?
10
Suppose 2*v + 12 = -5*h, -h = -2*v + 2*h - 44. Let y be (1088/v)/((-4)/14). What is the highest common divisor of y and 14?
14
Suppose 5*d = 0, 5*w + 2*d - 835 - 740 = 0. What is the highest common divisor of w and 1197?
63
Let n be (24/40)/((-2)/(-10)). Suppose n*w + 28 = 73. Suppose k = d - 31, 5*d - 7*k = -9*k + 148. What is the greatest common divisor of d and w?
15
Let f(w) = 3*w - 10. Let r be f(4). Suppose 3*n = -r*b + 239, 4*n = -3*b + 5*b - 260. Let s = b + -70. Calculate the highest common divisor of s and 36.
18
Suppose 3 = -2*s + f, 5*s - 2*s - 23 = -4*f. Let k = s - -6. Let c be ((-18)/k)/((-6)/28). Calculate the greatest common divisor of c and 30.
6
Let s be (-24)/(1 - (7 + 3294/(-552))). Calculate the highest common factor of s and 64.
32
Suppose -50 = -2*z + 2*c, 5*c = 10*z - 13*z + 115. Calculate the greatest common divisor of 945 and z.
15
Suppose 266 = t - 2*q, 0 = -8*t + 7*t - 2*q + 278. Calculate the highest common divisor of t and 176.
16
Let k be 2/5 - (-2142)/45. Suppose 15*u = 4528 + 4652. Suppose 3*d = 4 + 5, 5*f = -4*d + u. Calculate the greatest common divisor of k and f.
24
Suppose -4*v = -t + 54 - 9, -4*v = 2*t - 30. Suppose -t - 135 = -10*l. Let s(b) = 3*b**2 + b. Let u be s(-1). Calculate the highest common factor of l and u.
2
Let d(t) = 20*t**2 - 70*t - 6. Let q be d(-6). What is the greatest common divisor of 72 and q?
18
Suppose 0 + 9 = -3*r. Let j(k) = 7*k**2 + 1. Let t be j(-1). Let q be (-1 - 15/r)*6/t. What is the highest common divisor of 7 and q?
1
Let n(z) = 2*z**3 + 129*z**2 + 275*z + 80. Let l be n(-61). What is the greatest common divisor of 8 and l?
8
Let u = 2181 - 254. Calculate the highest common factor of 82 and u.
41
Suppose -3*c + 0*u - 5*u + 76 = 0, 0 = -2*u + 4. Suppose -124 = -4*j + 4*q - 8*q, 138 = 4*j - 3*q. Calculate the greatest common divisor of c and j.
11
Let q be 4/(-14) - (-79)/7. Let r(k) = k + 130. Let v be r(-26). Suppose -688 = -9*j + v. Calculate the greatest common divisor of j and q.
11
Suppose -4*j - j + 2*s = -204, -5*j = 3*s - 194. Suppose -41*c + 216 = -j*c. Suppose -48 = -41*m + 39*m. What is the highest common factor of c and m?
24
Let d = -32641 - -33862. Calculate the highest common factor of 330 and d.
33
Let h(x) = -151*x - 6. Let c be h(-4). Let k be 6 + -8 - (-1)/(((-110)/(-280))/11). Calculate the greatest common divisor of k and c.
26
Let x = 44 - -103. Let m = -135 + x. Calculate the highest common divisor of 132 and m.
12
Let s be 13/(-52) + 65/4. Let n(a) = 5*a - 37. Let y be n(s). Let v = 68 - y. What is the highest common divisor of 5 and v?
5
Suppose 0 = -3*j - 4*z + 120, 2*j - 38*z + 33*z - 57 = 0. Suppose -153 = -3*v + 63. What is the greatest common divisor of v and j?
36
Let v = 772 + -512. What is the highest common factor of v and 884?
52
Let q(m) = -25*m - 135. Let w(l) = 5*l**2 + 128*l - 63. Let a be w(-26). Let f be q(a). Calculate the highest common divisor of 56 and f.
28
Let r be (-66)/44*3/((-3)/2). Suppose -q = -r, -7*o + 26 = -2*o - 3*q. Let c = o + 35. Calculate the highest common factor of 7 and c.
7
Suppose 14*y = -5474 + 1204. Let t = y + 336. What is the greatest common factor of t and 155?
31
Suppose 6*a - 216 = 2*a - 4*l, -4*l + 108 = 2*a. Suppose 24*r + 2016 = 18*r. Let y = r + 417. Calculate the highest common divisor of a and y.
27
Let j(p) = -2 - 19*p - 20*p + 3 + 14*p. Let y be j(-1). Let m be -13 + 22 - (4 - 229). Calculate the highest common divisor of y and m.
26
Let v = -3666 - -3930. Calculate the greatest common factor of 7590 and v.
66
Let t(j) = 144*j**2 - 1. Let x be t(2). Suppose 77 + 73 = 6*a. Calculate the highest common divisor of a and x.
25
Let x(s) = -s**3 + 5*s**2 - s - 7. Let a be x(4). Let f be (a - 3)/((-30)/(-26) + -1). Suppose -3 + 16 = b. What is the highest common factor of b and f?
13
Let f = 3 + -2. Suppose -4 = -h - 5*w, 112*w = 114*w + 22. What is the highest common divisor of f and h?
1
Let j = 2545 + -2385. Let n(h) = 2*h - 5. Let x be n(5). Suppose -97 = -x*d + 63. What is the highest common factor of d and j?
32
Suppose 0 = 5*m - 3*v - 4071, -19*v + 5683 = 7*m 